
What is the ten thousands digit of 550812836?
1
What is the thousands digit of 49528566?
8
What is the hundreds digit of 861935675?
6
What is the hundreds digit of 2482584364?
3
What is the thousands digit of 2001337637?
7
What is the ten millions digit of 1274952250?
7
What is the tens digit of 391624620?
2
What is the units digit of 224061819?
9
What is the millions digit of 377065180?
7
What is the millions digit of 247959934?
7
What is the millions digit of 2282114210?
2
What is the units digit of 107174159?
9
What is the hundred thousands digit of 100293541?
2
What is the thousands digit of 48212332?
2
What is the hundred millions digit of 524694255?
5
What is the millions digit of 933230667?
3
What is the hundred millions digit of 589390901?
5
What is the thousands digit of 30941854?
1
What is the millions digit of 24472406?
4
What is the units digit of 174065241?
1
What is the hundreds digit of 4389835388?
3
What is the billions digit of 1812090128?
1
What is the ten millions digit of 3146752237?
4
What is the units digit of 3435311412?
2
What is the ten thousands digit of 442584752?
8
What is the ten millions digit of 59410510?
5
What is the units digit of 1626091908?
8
What is the hundred thousands digit of 93147896?
1
What is the millions digit of 298764076?
8
What is the hundred millions digit of 322740502?
3
What is the units digit of 914689526?
6
What is the ten millions digit of 1136251498?
3
What is the hundreds digit of 200216535?
5
What is the millions digit of 717154006?
7
What is the units digit of 9380757664?
4
What is the units digit of 61827905?
5
What is the ten millions digit of 58945376?
5
What is the thousands digit of 5209955698?
5
What is the hundreds digit of 23215625?
6
What is the ten millions digit of 278679963?
7
What is the units digit of 1376860988?
8
What is the hundreds digit of 1692821144?
1
What is the hundreds digit of 519193672?
6
What is the ten millions digit of 197703472?
9
What is the millions digit of 130303480?
0
What is the hundreds digit of 30121421?
4
What is the units digit of 286698704?
4
What is the hundreds digit of 95444895?
8
What is the ten thousands digit of 1282996156?
9
What is the tens digit of 55946197?
9
What is the units digit of 136809317?
7
What is the hundreds digit of 149673121?
1
What is the hundred thousands digit of 113281464?
2
What is the thousands digit of 1564665452?
5
What is the units digit of 68632742?
2
What is the tens digit of 16685050?
5
What is the millions digit of 4799585?
4
What is the hundred thousands digit of 4680954346?
9
What is the hundred thousands digit of 472700964?
7
What is the ten millions digit of 90494046?
9
What is the hundreds digit of 904042357?
3
What is the hundreds digit of 10644203?
2
What is the millions digit of 305080642?
5
What is the units digit of 3829553996?
6
What is the hundred thousands digit of 479234524?
2
What is the millions digit of 23867203?
3
What is the billions digit of 3185318634?
3
What is the units digit of 423579614?
4
What is the ten millions digit of 1747595177?
4
What is the thousands digit of 230464841?
4
What is the ten thousands digit of 1667091945?
9
What is the thousands digit of 297834439?
4
What is the tens digit of 4491624540?
4
What is the tens digit of 4924718286?
8
What is the thousands digit of 753280058?
0
What is the millions digit of 2682784642?
2
What is the units digit of 270777943?
3
What is the ten thousands digit of 3097354871?
5
What is the units digit of 319324952?
2
What is the thousands digit of 99581349?
1
What is the hundred millions digit of 430420209?
4
What is the ten millions digit of 77399478?
7
What is the ten millions digit of 12057222?
1
What is the hundred thousands digit of 66400046?
4
What is the ten millions digit of 114259608?
1
What is the tens digit of 65051683?
8
What is the hundred thousands digit of 4253694326?
6
What is the tens digit of 74881842?
4
What is the hundreds digit of 581238461?
4
What is the billions digit of 1305878910?
1
What is the millions digit of 640795393?
0
What is the hundreds digit of 284857366?
3
What is the hundreds digit of 424495170?
1
What is the hundreds digit of 31674386?
3
What is the millions digit of 894201726?
4
What is the ten millions digit of 154888320?
5
What is the ten thousands digit of 1619279077?
7
What is the hundreds digit of 354043532?
5
What is the hundred thousands digit of 660944436?
9
What is the hundred millions digit of 1214736156?
2
What is the millions digit of 93054657?
3
What is the units digit of 52439871?
1
What is the units digit of 52711663?
3
What is the tens digit of 195358836?
3
What is the ten millions digit of 50854222?
5
What is the hundred millions digit of 6666079889?
6
What is the hundred thousands digit of 59007485?
0
What is the ten millions digit of 590689492?
9
What is the hundreds digit of 7431558?
5
What is the ten thousands digit of 262742861?
4
What is the ten thousands digit of 232789992?
8
What is the ten thousands digit of 461098740?
9
What is the hundred thousands digit of 28204241?
2
What is the hundreds digit of 981015453?
4
What is the hundred millions digit of 422266185?
4
What is the ten thousands digit of 43022977?
2
What is the hundred millions digit of 331931357?
3
What is the hundreds digit of 117421954?
9
What is the ten thousands digit of 595424928?
2
What is the millions digit of 220846546?
0
What is the billions digit of 1961108793?
1
What is the millions digit of 274670491?
4
What is the tens digit of 2696998712?
1
What is the ten thousands digit of 252384045?
8
What is the tens digit of 348374689?
8
What is the units digit of 97906521?
1
What is the tens digit of 8790910?
1
What is the hundred thousands digit of 920204133?
2
What is the thousands digit of 337647926?
7
What is the hundred millions digit of 161556485?
1
What is the tens digit of 58403937?
3
What is the hundred millions digit of 1799689201?
7
What is the hundred thousands digit of 906659188?
6
What is the thousands digit of 367003847?
3
What is the millions digit of 13307623?
3
What is the ten thousands digit of 533271305?
7
What is the units digit of 698396515?
5
What is the hundred thousands digit of 67889946?
8
What is the ten thousands digit of 1679879103?
7
What is the units digit of 50243822?
2
What is the ten thousands digit of 389060767?
6
What is the tens digit of 144434461?
6
What is the millions digit of 720355139?
0
What is the units digit of 85006793?
3
What is the ten thousands digit of 67872278?
7
What is the units digit of 338845180?
0
What is the hundreds digit of 146692291?
2
What is the ten millions digit of 169228253?
6
What is the hundreds digit of 489517033?
0
What is the ten thousands digit of 591430839?
3
What is the millions digit of 2102677109?
2
What is the hundred thousands digit of 767442517?
4
What is the tens digit of 1115073816?
1
What is the units digit of 62066578?
8
What is the units digit of 1814103987?
7
What is the hundreds digit of 2752963781?
7
What is the units digit of 12164407?
7
What is the millions digit of 33428031?
3
What is the hundred thousands digit of 128593060?
5
What is the millions digit of 1225209853?
5
What is the hundred thousands digit of 46918481?
9
What is the hundreds digit of 85785675?
6
What is the thousands digit of 2933859958?
9
What is the thousands digit of 827518861?
8
What is the thousands digit of 64948265?
8
What is the thousands digit of 401476683?
6
What is the units digit of 901770950?
0
What is the tens digit of 53809756?
5
What is the millions digit of 979845913?
9
What is the hundred millions digit of 252854807?
2
What is the hundred thousands digit of 1281191024?
1
What is the tens digit of 218687715?
1
What is the hundred thousands digit of 3308479996?
4
What is the ten thousands digit of 4992445?
9
What is the ten thousands digit of 1236870057?
7
What is the ten thousands digit of 874191509?
9
What is the tens digit of 102174128?
2
What is the ten thousands digit of 209806297?
0
What is the hundreds digit of 167268824?
8
What is the ten thousands digit of 46412792?
1
What is the hundred thousands digit of 8662067?
6
What is the tens digit of 19870227?
2
What is the thousands digit of 3628452?
8
What is the units digit of 5887613